{"id":1036,"date":"2017-09-16T14:10:23","date_gmt":"2017-09-16T12:10:23","guid":{"rendered":"http:\/\/maarlas.ba\/?page_id=7"},"modified":"2017-09-16T14:10:23","modified_gmt":"2017-09-16T12:10:23","slug":"med2contour","status":"publish","type":"page","link":"https:\/\/maarlas.cyor24.business\/index.php\/med2contour\/","title":{"rendered":"Med2Contour"},"content":{"rendered":"<p><strong>Med Contour<\/strong> je kompjuterizovani ure\u0111aj koji radi na principu toplotne mikromasa\u017ee, vakum terapije i limfne drena\u017ee. Tretmanima se posti\u017ee preoblikovanje tijela, zatezanje i u\u010dvr\u0161\u0107ivanje ko\u017ee, peglanje neravnina na problemati\u010dnim regijama uzrokovanih celulitom.<\/p>\n<p>Samo Med Contour koristi svjetski patentirani aplikator sa dvije me\u0111usobno uskla\u0111ene ultrazvu\u010dne glave i vakum pumpom koja tokom ultrazvu\u010dnog djelovanja podi\u017ee tretiraju\u0107e masno tkivo i fiksira ga ta\u010dno izme\u0111u dva ultrazvuka postavljena pod uglom od 135 stepeni. Samo na taj na\u010din ultrazvuk djeluje fokusirano i ta\u010dno cilja masno tkivo u potko\u017eju tretiraju\u0107e regije.<\/p>\n<p>Svaka glava pu\u0161ta jednak snop energije, u obliku slova V, pri \u010demu se maksimalna energija skuplja u \u0161picu slova V, gdje se dobija najve\u0107a zagrijanost tkiva. Na taj na\u010din dobijamo isporuku energije koja je apsolutno sigurna za povr\u0161inu ko\u017ee i druga tkiva, bez nastajanja ne\u017eeljenih efekata, a istovremeno u potko\u017enom tkivu gdje se nalaze masne \u0107elije, krakovi ultrazvu\u010dne energije se preklapaju pa je tu intezitet energije 4 puta ve\u0107i.<\/p>\n<p><img fetchpriority=\"high\" decoding=\"async\" class=\"alignnone size-full wp-image-187\" src=\"https:\/\/maarlas.cyor24.business\/wp-content\/uploads\/2017\/09\/med-2counter-desc.png\" alt=\"\" width=\"772\" height=\"298\" srcset=\"https:\/\/maarlas.cyor24.business\/wp-content\/uploads\/2017\/09\/med-2counter-desc.png 772w, https:\/\/maarlas.cyor24.business\/wp-content\/uploads\/2017\/09\/med-2counter-desc-300x116.png 300w, https:\/\/maarlas.cyor24.business\/wp-content\/uploads\/2017\/09\/med-2counter-desc-768x296.png 768w\" sizes=\"(max-width: 772px) 100vw, 772px\" \/><\/p>\n<p><strong>Zbog toga Med2Contour mo\u017ee isporu\u010diti vi\u0161e energije, na sigurniji na\u010din, ta\u010dno tamo gdje je potrebno u potko\u017enom tkivu. Med Contour je prvi ure\u0111aj u svijetu sa integrisanom sondom za limfnu drena\u017eu, nude\u0107i kompletan tretman bez rizika.<\/strong><\/p>\n<p><img decoding=\"async\" class=\"alignnone size-full wp-image-183\" src=\"https:\/\/maarlas.cyor24.business\/wp-content\/uploads\/2017\/09\/med2c2.png\" alt=\"\" width=\"688\" height=\"347\" srcset=\"https:\/\/maarlas.cyor24.business\/wp-content\/uploads\/2017\/09\/med2c2.png 688w, https:\/\/maarlas.cyor24.business\/wp-content\/uploads\/2017\/09\/med2c2-300x151.png 300w\" sizes=\"(max-width: 688px) 100vw, 688px\" \/><\/p>\n<p>Med2Contour je dokazano najbolji tretman oblikovanja tijela na svijetu \u0161to potvr\u0111uju brojne nagrade gdje Med2Contour ru\u0161i sve rekorde. To je neinvazivan, bezbolan, iznimno u\u010dinkovit i siguran tretman. Nema potrebe za anestezijom i operacijom. Prema rije\u010dima klijenata za vrijeme tretmana prisutan je osje\u0107aj opu\u0161taju\u0107e, tople masa\u017ee.<\/p>\n<p>Svaka sesija obi\u010dno traje 45-75 minuta (uklju\u010duju\u0107i fotografije i mjerenja i ovisno o veli\u010dini podru\u010dja lije\u010denja). Rezultati koji se dobiju s Med2Contourom su sli\u010dni rezultatima koji se dobiju s operativnom liposukcijom. Dok se dr\u017eite \u017eivotnog stila u skladu s dobivenim rezultatom, rezultati koje \u0107ete ostvariti su trajni. U prosjeku oko 2,5 cm smanjenje opsega je vidljivo odmah nakon prvog tretmana iza kojeg pacijenti bez bolova mogu odmah nastaviti sa svojim aktivnostima. Va\u017eno je istaknuti da su rezultati postignuti u klini\u010dkim studijima bili i do 20 cm smanjenje obima na pojedinom podru\u010dju tijela. Nema rezova, boli ni oporavka, a rezultat je zategnuto i oblikovano tijelo. Nema nikakvih poznatih kratkoro\u010dnih ili dugoro\u010dnih nuspojava povezanih s tretmanom.<\/p>\n<p>Med2Contour je 100% siguran &#8211; Potvr\u0111en od najrigoroznije agencije na svijetu za ispitivanje kvalitete medicinskih proizvoda &#8211; FDA approved! Podru\u010dja koja se mogu tretirati su: donji dio le\u0111a, trbuh, stra\u017enjica, bokovi, noge, ruke te tvrdokorni celulit.<\/p>\n<p>Ovaj tretman djeluje na uzroke &#8211; razbija membranu masnih stanica i osloba\u0111a njihov sadr\u017eaj, dok kod celulita razbija vezivna vlakna \u0161to je osnova u uklanjanju celulita.<\/p>\n<p>Dodatno efikasnim \u010dini ga tretman limfne drena\u017ee, koji slijedi nakon tretmana ultrazvukom, koja je od izuzetnog zna\u010daja za eliminaciju oslobo\u0111enih masti, pospje\u0161ivanje cirkulacije i eliminaciju vi\u0161ka teku\u0107ine posebno kod celulita.<\/p>\n<p>Tretman Med2Contour razvijen je kako bi pomogao umjereno do pretjerano pretilim mu\u0161karcima i \u017eenama koji \u017eude za boljom tjelesnom formom.<\/p>\n<p><img decoding=\"async\" class=\"alignnone size-full wp-image-190\" src=\"https:\/\/maarlas.cyor24.business\/wp-content\/uploads\/2017\/09\/med2c3.png\" alt=\"\" width=\"688\" height=\"406\" srcset=\"https:\/\/maarlas.cyor24.business\/wp-content\/uploads\/2017\/09\/med2c3.png 688w, https:\/\/maarlas.cyor24.business\/wp-content\/uploads\/2017\/09\/med2c3-300x177.png 300w\" sizes=\"(max-width: 688px) 100vw, 688px\" \/><\/p>\n<p>Med2Contour je trenutno jedini ure\u0111aj na svijetu koji omogu\u0107uje trajne rezultate! Svakom prvom tretmanu prethode konsultacije na kojima se detaljno pregledava kriti\u010dno podru\u010dje, fotografira i mjeri, kako bi se kasnije mogao pratiti napredak. Osim pregleda trenutnog stanja procjenjuje se broj potrebnih tretmana za postizanje o\u010dekivanih rezultata. Za najbolje rezultate potrebno je napraviti do 5 tretmana. Za veoma velika ili tvrdoglava podru\u010dja masnih naslaga i celulita potrebno je do deset tretmana.<\/p>\n<p>Za optimalan uspjeh i dugotrajne rezultate Med2Contour tretmana va\u017ena je i saradnja pacijenta u provo\u0111enju zdravih \u017eivotnih navika \u2013 pravilna prehrana, uzimanje dovoljno teku\u0107ine i primjerena svakodnevna fizi\u010dka aktivnost. Stoga obratite pa\u017enju na sljede\u0107e: va\u017eno je da tri dana nakon tretmana u prehrani izbjegavate sve ugljikohidrate. Ukoliko bi se konzumirali brzo iskoristivi ugljikohidrati postoji rizik da se otpu\u0161tena masno\u0107a u tijelu pohrani na drugom mjestu. Nakon tri dana razina masno\u0107a se smanji te se ugljikohidrati mogu ponovno konzumirati do idu\u0107eg tretmana.<\/p>\n<p>Tretman se ne preporu\u010duje ljudima koje imaju bolesti srca ili krvo\u017eilnog sistema, imaju ugra\u0111en pacemaker, boluju od tromboze, trebaju transplantacije organa, \u017eenama koje su trudne ili doje te pojedincima s metalnim protezama ili bilo kojom ozbiljnom bole\u0161\u0107u, ali i onima koji uzimaju lijekove za sni\u017eavanje razine lipida ili antikoagulantne lijekove.<\/p>\n<ul>\n<li>Siguran, djelotvoran, ugodan<\/li>\n<li>Nema opekotina, modrica, niti bilo kakvih promjena na ko\u017ei<\/li>\n<li>Rezultati vidljivi ODMAH nakon prvog tretmana<\/li>\n<li>Gubitak obujma mjeri se u centimetrima<\/li>\n<li>Potpuno siguran &#8211; odobren od strane FDA<\/li>\n<li>Ne zahtjeva posebnu pripremu i nakon tretmana mo\u017eete se vratiti svojim uobi\u010dajenim aktivnostima<\/li>\n<\/ul>\n<p>Oznake: med2contour, ljepota i zdravlje, maarlas sarajevo, salon ljepote, preoblikovanje tijela, zatezanje tijela, u\u010dvr\u0161\u0107ivanje ko\u017ee<\/p>\n","protected":false},"excerpt":{"rendered":"<p>Med Contour je kompjuterizovani ure\u0111aj koji radi na principu toplotne mikromasa\u017ee, vakum terapije i limfne drena\u017ee. Tretmanima se posti\u017ee preoblikovanje tijela, zatezanje i u\u010dvr\u0161\u0107ivanje ko\u017ee, peglanje neravnina na problemati\u010dnim regijama uzrokovanih celulitom. Samo Med Contour koristi svjetski patentirani aplikator sa dvije me\u0111usobno uskla\u0111ene ultrazvu\u010dne glave i vakum pumpom koja tokom ultrazvu\u010dnog djelovanja podi\u017ee tretiraju\u0107e masno [&hellip;]<\/p>\n","protected":false},"author":1,"featured_media":0,"parent":0,"menu_order":0,"comment_status":"closed","ping_status":"closed","template":"page-MED2CONTOUR.php","meta":{"footnotes":""},"class_list":["post-1036","page","type-page","status-publish","hentry"],"_links":{"self":[{"href":"https:\/\/maarlas.cyor24.business\/index.php\/wp-json\/wp\/v2\/pages\/1036","targetHints":{"allow":["GET"]}}],"collection":[{"href":"https:\/\/maarlas.cyor24.business\/index.php\/wp-json\/wp\/v2\/pages"}],"about":[{"href":"https:\/\/maarlas.cyor24.business\/index.php\/wp-json\/wp\/v2\/types\/page"}],"author":[{"embeddable":true,"href":"https:\/\/maarlas.cyor24.business\/index.php\/wp-json\/wp\/v2\/users\/1"}],"replies":[{"embeddable":true,"href":"https:\/\/maarlas.cyor24.business\/index.php\/wp-json\/wp\/v2\/comments?post=1036"}],"version-history":[{"count":0,"href":"https:\/\/maarlas.cyor24.business\/index.php\/wp-json\/wp\/v2\/pages\/1036\/revisions"}],"wp:attachment":[{"href":"https:\/\/maarlas.cyor24.business\/index.php\/wp-json\/wp\/v2\/media?parent=1036"}],"curies":[{"name":"wp","href":"https:\/\/api.w.org\/{rel}","templated":true}]}}