{"id":168,"date":"2017-09-22T08:49:42","date_gmt":"2017-09-22T06:49:42","guid":{"rendered":"http:\/\/maarlas.ba\/?page_id=168"},"modified":"2017-09-22T08:49:42","modified_gmt":"2017-09-22T06:49:42","slug":"cerri-ipl-lightwave-advance","status":"publish","type":"page","link":"https:\/\/maarlas.cyor24.business\/index.php\/cerri-ipl-lightwave-advance\/","title":{"rendered":"Cerri IPL Lightwave Advance"},"content":{"rendered":"<p><strong>Cerri Beauty Equipment<\/strong> je svjetska uspje\u0161na pri\u010da u Italiji koja se tijekom proteklih 50 godina razvila stalnom predano\u0161\u0107u i ponudom proizvoda iznimno visoke kvalitete. Tvrtka je osnovana 1958. godine, a razvila je posebnu stru\u010dnost u projektiranju i proizvodnji profesionalne opreme za spa i beauty centre i lje\u010dili\u0161ta.<\/p>\n<p>Dokazav\u0161i se na nacionalnom tr\u017ei\u0161tu, tvrtka je po\u010dela postupno \u0161irenje na me\u0111unarodnoj razini i izgradila mre\u017eu partnera i distributera na nekoliko tr\u017ei\u0161ta \u0161irom svijeta. Danas proizvodi Cerri Beauty Equipment nalaze se u preko 30 zemalja, a svakodnevno ih koriste hiljade dermatologa i profesionalnih kozmeti\u010dara \u0161irom svijeta.<\/p>\n<p>Uz pomo\u0107 Cerri IPL Lightwave Advance aparata mo\u017eemo izvesti fotoepilaciju, fotorejuvenciju i skupljanje kapilara. Fotoepilacija je najnovija tehnologija koja rezultira dugoro\u010dnim uklanjanjem dla\u010dica sa tijela i lica.<\/p>\n<p>Fotorejuvencija ili fotopomla\u0111ivanje je neinvazivni proces koji stimulira proizvodnju kolagena i elastina. Pobolj\u0161ava izgled ko\u017ee ali ga i lije\u010di. Uklanja znakove starenja ko\u017ee kao i eritem, crvenilo i pjege.<\/p>\n<p><img fetchpriority=\"high\" decoding=\"async\" class=\"alignnone size-full wp-image-177\" src=\"https:\/\/maarlas.cyor24.business\/wp-content\/uploads\/2017\/09\/ipl-advance-maarlas-spa.png\" alt=\"\" width=\"650\" height=\"383\" srcset=\"https:\/\/maarlas.cyor24.business\/wp-content\/uploads\/2017\/09\/ipl-advance-maarlas-spa.png 650w, https:\/\/maarlas.cyor24.business\/wp-content\/uploads\/2017\/09\/ipl-advance-maarlas-spa-300x177.png 300w\" sizes=\"(max-width: 650px) 100vw, 650px\" \/><\/p>\n<p>Lightwave Advance za fotoepilaciju, fotopomla\u0111ivanje i skupljanje kapilara inovativni je ure\u0111aj koji koristi IPL-impulsnu tehnologiju. Tajna CERRI IPL metode je kori\u0161tenje posebnih filtera koji su u mogu\u0107nosti smanjiti snagu impulsa pru\u017eaju\u0107i za\u0161titu ko\u017ei, a posti\u017eu\u0107i optimalne rezultate. Svjetlo se emitira na valnoj duljini od 520 do 980 nm.<\/p>\n<p>Tretmani su u\u010dinkoviti, neinvazivni i nje\u017eni za ko\u017eu. Tako\u0111er su ugodni, bezbolni i ne uzrokuju nuspojave poput opekotina. Ne zahtijevaju kori\u0161tenje gelova za hla\u0111enje.<\/p>\n<p>Oznake: Cerri IPL Lightwave Advance, fotoepilacija, fotorejuvencija, skupljanje kapilara ljepota i zdravlje, maarlas sarajevo, salon ljepote,<\/p>\n","protected":false},"excerpt":{"rendered":"<p>Cerri Beauty Equipment je svjetska uspje\u0161na pri\u010da u Italiji koja se tijekom proteklih 50 godina razvila stalnom predano\u0161\u0107u i ponudom proizvoda iznimno visoke kvalitete. Tvrtka je osnovana 1958. godine, a razvila je posebnu stru\u010dnost u projektiranju i proizvodnji profesionalne opreme za spa i beauty centre i lje\u010dili\u0161ta. Dokazav\u0161i se na nacionalnom tr\u017ei\u0161tu, tvrtka je po\u010dela [&hellip;]<\/p>\n","protected":false},"author":1,"featured_media":0,"parent":0,"menu_order":0,"comment_status":"closed","ping_status":"closed","template":"page-IPL.php","meta":{"footnotes":""},"class_list":["post-168","page","type-page","status-publish","hentry"],"_links":{"self":[{"href":"https:\/\/maarlas.cyor24.business\/index.php\/wp-json\/wp\/v2\/pages\/168","targetHints":{"allow":["GET"]}}],"collection":[{"href":"https:\/\/maarlas.cyor24.business\/index.php\/wp-json\/wp\/v2\/pages"}],"about":[{"href":"https:\/\/maarlas.cyor24.business\/index.php\/wp-json\/wp\/v2\/types\/page"}],"author":[{"embeddable":true,"href":"https:\/\/maarlas.cyor24.business\/index.php\/wp-json\/wp\/v2\/users\/1"}],"replies":[{"embeddable":true,"href":"https:\/\/maarlas.cyor24.business\/index.php\/wp-json\/wp\/v2\/comments?post=168"}],"version-history":[{"count":0,"href":"https:\/\/maarlas.cyor24.business\/index.php\/wp-json\/wp\/v2\/pages\/168\/revisions"}],"wp:attachment":[{"href":"https:\/\/maarlas.cyor24.business\/index.php\/wp-json\/wp\/v2\/media?parent=168"}],"curies":[{"name":"wp","href":"https:\/\/api.w.org\/{rel}","templated":true}]}}